le of 109?
False
Is 9387 a multiple of 9?
True
Does 9 divide 234?
True
Is 10498 a multiple of 13?
False
Does 16 divide 144?
True
Does 8 divide 2670?
False
Is 2 a factor of 33?
False
Does 92 divide 1380?
True
Does 63 divide 5804?
False
Is 2760 a multiple of 60?
True
Is 20 a factor of 5149?
False
Is 10 a factor of 53579?
False
Is 55 a multiple of 5?
True
Does 39 divide 1022?
False
Is 134 a factor of 28810?
True
Is 37329 a multiple of 211?
False
Does 57 divide 2679?
True
Is 20 a factor of 19623?
False
Is 10 a multiple of 2?
True
Is 1562 a multiple of 5?
False
Is 72 a factor of 4092?
False
Does 9 divide 113?
False
Is 6 a multiple of 2?
True
Is 84 a multiple of 6?
True
Is 13 a factor of 587?
False
Does 213 divide 9122?
False
Does 13 divide 20254?
True
Is 6 a factor of 77?
False
Does 9 divide 7263?
True
Is 12576 a multiple of 38?
False
Is 14 a factor of 2233?
False
Is 240 a multiple of 30?
True
Is 11185 a multiple of 13?
False
Is 32 a factor of 22432?
True
Is 39 a factor of 2496?
True
Is 600 a multiple of 12?
True
Is 3300 a multiple of 25?
True
Is 55 a factor of 32835?
True
Is 15 a factor of 2520?
True
Is 630 even?
True
Does 26 divide 5486?
True
Does 51 divide 9548?
False
Is 12716 a multiple of 66?
False
Is 8 a factor of 1617?
False
Does 17 divide 2330?
False
Is 323 a multiple of 19?
True
Is 17 a factor of 85?
True
Is 4 a factor of 1788?
True
Is 10 a factor of 220?
True
Is 8 a factor of 168?
True
Is 12 a factor of 3061?
False
Is 39 a factor of 23127?
True
Is 2520 a multiple of 20?
True
Is 4482 a multiple of 3?
True
Is 197 a factor of 2364?
True
Is 2005 a multiple of 46?
False
Is 13 a factor of 4017?
True
Is 82 a factor of 10206?
False
Is 28 a factor of 112?
True
Is 26 a factor of 86788?
True
Does 117 divide 20358?
True
Is 24 a factor of 959?
False
Does 8 divide 4102?
False
Is 49400 a multiple of 26?
True
Does 30 divide 750?
True
Is 228 a factor of 99382?
False
Is 48 a factor of 2016?
True
Is 1270 a multiple of 127?
True
Does 13 divide 3441?
False
Is 15 a factor of 8817?
False
Is 10 a factor of 1130?
True
Is 1101 a multiple of 28?
False
Does 12 divide 1296?
True
Does 12 divide 108?
True
Is 17 a factor of 457?
False
Is 19 a factor of 95?
True
Does 121 divide 3880?
False
Does 9 divide 3141?
True
Does 26 divide 14403?
False
Does 9 divide 1665?
True
Is 11 a factor of 21?
False
Does 26 divide 48152?
True
Is 25 a factor of 58073?
False
Does 14 divide 1286?
False
Is 5 a factor of 440?
True
Is 1840 a multiple of 46?
True
Is 5396 a multiple of 16?
False
Does 5 divide 730?
True
Is 12 a factor of 348?
True
Does 66 divide 14916?
True
Does 25 divide 1706?
False
Is 15 a factor of 101?
False
Is 350 a multiple of 50?
True
Does 38 divide 3154?
True
Is 3360 a multiple of 10?
True
Is 17498 a multiple of 26?
True
Does 66 divide 13794?
True
Is 3697 a multiple of 7?
False
Is 64 a multiple of 60?
False
Is 134 a factor of 6432?
True
Does 25 divide 18750?
True
Is 4 a factor of 1075?
False
Does 6 divide 493?
False
Is 37613 a multiple of 29?
True
Is 201 a factor of 32160?
True
Is 7 a factor of 609?
True
Is 1470 a multiple of 21?
True
Is 16 a factor of 1217?
False
Is 11016 a multiple of 36?
True
Does 41 divide 18327?
True
Does 3 divide 1059?
True
Is 23 a factor of 7957?
False
Does 9 divide 311?
False
Is 800 a multiple of 25?
True
Is 30 a factor of 1820?
False
Does 31 divide 4600?
False
Is 1373 a multiple of 40?
False
Is 567 a multiple of 25?
False
Is 55 a factor of 2475?
True
Is 7 a factor of 462?
True
Is 29 a factor of 2264?
False
Does 19 divide 43149?
True
Is 4 a factor of 350?
False
Does 17 divide 11451?
False
Does 28 divide 3388?
True
Does 19 divide 1473?
False
Does 8 divide 21296?
True
Is 14170 a multiple of 11?
False
Is 2162 a multiple of 27?
False
Does 39 divide 1612?
False
Is 160 a multiple of 4?
True
Is 23851 a multiple of 22?
False
Does 15 divide 5250?
True
Does 8 divide 2352?
True
Is 17860 a multiple of 95?
True
Is 2928 a multiple of 12?
True
Is 24928 a multiple of 32?
True
Is 1210 a multiple of 11?
True
Is 8352 a multiple of 174?
True
Does 9 divide 31975?
False
Is 2352 a multiple of 57?
False
Is 761 a multiple of 3?
False
Is 90 even?
True
Does 8 divide 40?
True
Does 74 divide 4366?
True
Is 16 a factor of 1488?
True
Is 163 a multiple of 37?
False
Is 94 a factor of 6204?
True
Is 101 a factor of 25175?
False
Does 82 divide 492?
True
Is 635 a multiple of 5?
True
Does 4 divide 282?
False
Does 63 divide 3402?
True
Is 138 a factor of 4465?
False
Is 8464 a multiple of 163?
False
Is 1013 a multiple of 48?
False
Does 89 divide 41856?
False
Is 107 a multiple of 3?
False
Is 2808 a multiple of 36?
True
Is 4 a factor of 86?
False
Is 49309 a multiple of 16?
False
Is 300 a multiple of 6?
True
Is 74 a factor of 10469?
False
Is 15 a factor of 4505?
False
Is 3471 a multiple of 39?
True
Does 191 divide 5921?
True
Is 2496 a multiple of 52?
True
Is 710 a multiple of 40?
False
Is 3 a factor of 7193?
False
Is 16 a factor of 1280?
True
Does 59 divide 1629?
False
Is 6 a factor of 1005?
False
Is 656 a multiple of 16?
True
Is 25 a factor of 2600?
True
Is 6 a factor of 4410?
True
Is 9696 a multiple of 2?
True
Is 56 a factor of 3696?
True
Is 32 a factor of 15488?
True
Is 11403 a multiple of 21?
True
Is 5067 a multiple of 12?
False
Is 9834 a multiple of 11?
True
Is 7706 a multiple of 8?
False
Does 26 divide 51298?
True
Does 82 divide 1394?
True
Is 2243 a multiple of 187?
False
Does 8 divide 15013?
False
Does 62 divide 681?
False
Does 90 divide 1906?
False
Is 564 a multiple of 9?
False
Is 17514 a multiple of 151?
False
Does 14 divide 18097?
False
Is 10571 a multiple of 8?
False
Does 143 divide 3526?
False
Is 4 a factor of 532?
True
Does 37 divide 156658?
True
Is 2814 a multiple of 21?
True
Is 6 a factor of 120?
True
Is 12 a factor of 944?
False
Is 103 a factor of 7210?
True
Is 1888 a multiple of 59?
True
Is 90 a factor of 990?
True
Is 17 a factor of 153?
True
Is 203 a multiple of 6?
False
Does 21 divide 25998?
True
Does 41 divide 19834?
False
Is 8595 a multiple of 81?
False
Is 125 a multiple of 2?
False
Is 88 a factor of 713?
False
Is 1155 a multiple of 55?
True
Is 2170 a multiple of 14?
True
Is 3 a factor of 4414?
False
Does 9 divide 2574?
True
Is 3 a factor of 10871?
False
Is 7 a factor of 10285?
False
Does 137 divide 89324?
True
Does 297 divide 11511?
False
Does 13 divide 5436?
False
Is 166 a multiple of 12?
False
Is 1118 a multiple of 26?
True
Is 431 a factor of 122404?
True
Is 8 a factor of 1944?
True
Does 49 divide 453?
False
Does 19 divide 3952?
True
Is 4 a factor of 380?
True
Is 26 a factor of 26208?
True
Is 10440 a multiple of 4?
True
Is 19 a factor of 46973?
False
Does 15 divide 1885?
False
Does 72 divide 20132?
False
Is 68 a factor of 15156?
False
Is 120 a multiple of 20?
True
Is 2715 a multiple of 11?
False
Does 32 divide 704?
True
Is 24 a factor of 1368?
True
Is 3405 a multiple of 137?
False
Is 3066 a multiple of 73?
True
Is 502 a multiple of 19?
False
Does 65 divide 1561?
False
Is 15 a factor of 863?
False
Does 49 divide 3413?
False
Does 23 divide 60878?
False
Is 4437 a multiple of 3?
True
Is 132 a multiple of 3?
True
Is 39 a factor of 4233?
False
Is 907 a multiple of 64?
False
Does 12 divide 1752?
True
Does 18 divide 288?
True
Is 19 a factor of 304?
True
Does 25 divide 10050?
True
Does 13 divide 1222?
True
Is 21 a factor of 11739?
True
Is 6 a factor of 8907?
False
Does 12 divide 4772?
False
Does 14 divide 124894?
True
Is 2810 a multiple of 111?
False
Is 5456 a multiple of 49?
False
Is 88 a factor of 2288?
True
Is 817 a multiple of 6?
False
Is 34 a factor of 12494?
False
Is 3061 a multiple of 8?
False
Does 89 divide 7991?
False
Does 6 divide 1286?
False
Does 9 divide 1883?
False
Is 5150 a multiple of 25?
True
Is 139 a factor of 16263?
True
Does 206 divide 15560?
False
Is 24 a factor of 1304?
False
Does 89 divide 12549?
True
Is 35 a factor of 2345?
True
Does 7 divide 2562?
True
Is 19668 a multiple of 22?
True
Does 12 divide 2687?
False
Is 98 a multiple of 7?
True
Is 4954 a multiple of 17?
False
Is 25451 a multiple of 14?
False
Is 13 a factor of 124659?
False
Is 11 a factor of 187?
True
Is 210 a multiple of 3?
True
Is 46 a factor of 644?
True
Is 20763 a multiple of 9?
True
Is 1624 a multiple of 56?
True
Is 704 a multiple of 16?
True
Is 111 a multiple of 4?
False
Does 5 divide 124?